{"id":1128,"date":"2021-07-16T11:12:41","date_gmt":"2021-07-16T11:12:41","guid":{"rendered":"https:\/\/migrante.azores.gov.pt\/?post_type=servicos&#038;p=1128"},"modified":"2021-12-13T16:30:02","modified_gmt":"2021-12-13T16:30:02","slug":"candidatos-com-habitacao-propria","status":"publish","type":"servicos","link":"https:\/\/migrante.azores.gov.pt\/en\/imigrante\/servicos\/habitacao\/candidatos-com-habitacao-propria\/","title":{"rendered":"Candidatos com Habita\u00e7\u00e3o Pr\u00f3pria"},"content":{"rendered":"","protected":false},"featured_media":0,"parent":1126,"menu_order":22,"template":"","conteudo":[3],"class_list":["post-1128","servicos","type-servicos","status-publish","hentry","conteudo-imigrante"],"acf":[],"_links":{"self":[{"href":"https:\/\/migrante.azores.gov.pt\/en\/wp-json\/wp\/v2\/servicos\/1128","targetHints":{"allow":["GET"]}}],"collection":[{"href":"https:\/\/migrante.azores.gov.pt\/en\/wp-json\/wp\/v2\/servicos"}],"about":[{"href":"https:\/\/migrante.azores.gov.pt\/en\/wp-json\/wp\/v2\/types\/servicos"}],"version-history":[{"count":34,"href":"https:\/\/migrante.azores.gov.pt\/en\/wp-json\/wp\/v2\/servicos\/1128\/revisions"}],"predecessor-version":[{"id":4894,"href":"https:\/\/migrante.azores.gov.pt\/en\/wp-json\/wp\/v2\/servicos\/1128\/revisions\/4894"}],"up":[{"embeddable":true,"href":"https:\/\/migrante.azores.gov.pt\/en\/wp-json\/wp\/v2\/servicos\/1126"}],"wp:attachment":[{"href":"https:\/\/migrante.azores.gov.pt\/en\/wp-json\/wp\/v2\/media?parent=1128"}],"wp:term":[{"taxonomy":"conteudo","embeddable":true,"href":"https:\/\/migrante.azores.gov.pt\/en\/wp-json\/wp\/v2\/conteudo?post=1128"}],"curies":[{"name":"wp","href":"https:\/\/api.w.org\/{rel}","templated":true}]}}

Candidatos com Habitação Própria
