{"id":1130,"date":"2021-07-16T11:13:18","date_gmt":"2021-07-16T11:13:18","guid":{"rendered":"https:\/\/migrante.azores.gov.pt\/?post_type=servicos&#038;p=1130"},"modified":"2023-08-07T10:42:11","modified_gmt":"2023-08-07T10:42:11","slug":"candidatos-sem-habitacao-propria","status":"publish","type":"servicos","link":"https:\/\/migrante.azores.gov.pt\/en\/imigrante\/servicos\/habitacao\/candidatos-sem-habitacao-propria\/","title":{"rendered":"Candidatos Sem Habita\u00e7\u00e3o Pr\u00f3pria"},"content":{"rendered":"","protected":false},"featured_media":0,"parent":1126,"menu_order":23,"template":"","conteudo":[3],"class_list":["post-1130","servicos","type-servicos","status-publish","hentry","conteudo-imigrante"],"acf":[],"_links":{"self":[{"href":"https:\/\/migrante.azores.gov.pt\/en\/wp-json\/wp\/v2\/servicos\/1130","targetHints":{"allow":["GET"]}}],"collection":[{"href":"https:\/\/migrante.azores.gov.pt\/en\/wp-json\/wp\/v2\/servicos"}],"about":[{"href":"https:\/\/migrante.azores.gov.pt\/en\/wp-json\/wp\/v2\/types\/servicos"}],"version-history":[{"count":22,"href":"https:\/\/migrante.azores.gov.pt\/en\/wp-json\/wp\/v2\/servicos\/1130\/revisions"}],"predecessor-version":[{"id":5291,"href":"https:\/\/migrante.azores.gov.pt\/en\/wp-json\/wp\/v2\/servicos\/1130\/revisions\/5291"}],"up":[{"embeddable":true,"href":"https:\/\/migrante.azores.gov.pt\/en\/wp-json\/wp\/v2\/servicos\/1126"}],"wp:attachment":[{"href":"https:\/\/migrante.azores.gov.pt\/en\/wp-json\/wp\/v2\/media?parent=1130"}],"wp:term":[{"taxonomy":"conteudo","embeddable":true,"href":"https:\/\/migrante.azores.gov.pt\/en\/wp-json\/wp\/v2\/conteudo?post=1130"}],"curies":[{"name":"wp","href":"https:\/\/api.w.org\/{rel}","templated":true}]}}

Candidatos Sem Habitação Própria
